In base 5, what is 214 - 2104330101?
-2104324332
In base 8, what is -2 - 153351044?
-153351046
In base 3, what is -20012210212002102 - 1?
-20012210212002110
In base 15, what is -3 + -12171951?
-12171954
In base 6, what is -520214235 + -13?
-520214252
In base 6, what is 1515305 + 24231?
1543540
In base 12, what is 19b065557 + 1?
19b065558
In base 13, what is -274995 + -10?
-2749a5
In base 2, what is 1100011111111011101011 + 100?
1100011111111011101111
In base 12, what is 5 - -73019078?
73019081
In base 5, what is 210344 + -43431?
111413
In base 2, what is -10110 - -10000101101011001?
10000101101000011
In base 5, what is 22310 - 24431010?
-24403200
In base 6, what is 504311 + 24?
504335
In base 16, what is 17 + -38910?
-388f9
In base 8, what is -2 + 2045131252?
2045131250
In base 4, what is -3101130200 + -10023?
-3101200223
In base 9, what is 202786286 - 5?
202786281
In base 10, what is -17902663 - 0?
-17902663
In base 12, what is b658661 - 4?
b658659
In base 7, what is -1 + -160310454?
-160310455
In base 5, what is 1103 + 12321332?
12322440
In base 3, what is -1211001 + 2122210021?
2120222020
In base 9, what is -2 + -7408072?
-7408074
In base 6, what is 34 - 53503420?
-53503342
In base 4, what is -3013122302 - 11?
-3013122313
In base 15, what is -ed42b2 + d?
-ed42a4
In base 2, what is 1000010 + -111000011011001001?
-111000011010000111
In base 10, what is 15228 - 3652?
11576
In base 11, what is 2 - 1a38177?
-1a38175
In base 10, what is -88411195 - 0?
-88411195
In base 7, what is -2 + 153662303?
153662301
In base 3, what is -10002002121 + 2012022?
-2222220022
In base 4, what is -2011 - -1303201012?
1303133001
In base 5, what is 0 + -20411132432?
-20411132432
In base 7, what is 2303 - -1042345?
1044651
In base 11, what is 1906 - -a129a?
a30a5
In base 10, what is -33 - -2222924?
2222891
In base 3, what is -1200 - 2001100201011?
-2001100202211
In base 9, what is -51 + -22814154?
-22814215
In base 16, what is -229a - -c8e?
-160c
In base 12, what is 2936 - 3b03?
-1189
In base 16, what is 7 + 27456?
2745d
In base 3, what is -11 + 12022120010110?
12022120010022
In base 12, what is -17713 - -4?
-1770b
In base 6, what is 0 + -35002011?
-35002011
In base 8, what is 552424267 - 3?
552424264
In base 4, what is -10123310102 + 2?
-10123310100
In base 9, what is -316342 + 158?
-316173
In base 2, what is -100010000101011000111100011 + 111?
-100010000101011000111011100
In base 5, what is 3242 + -4212013?
-4203221
In base 6, what is 14355234 - -425?
14400103
In base 12, what is -3 - -a2600b?
a26008
In base 3, what is -22200 - 1221221021201?
-1221221121101
In base 10, what is -169 - -1992379?
1992210
In base 11, what is 8 + 78a459?
78a466
In base 8, what is -1634 + -21212?
-23046
In base 16, what is 19788 + fe?
19886
In base 7, what is 13604464 + -32?
13604432
In base 2, what is -1001 + -1000111001011010110000?
-1000111001011010111001
In base 7, what is 6636134 + -2?
6636132
In base 7, what is 205130501 - -13?
205130514
In base 6, what is -30 - 213355051?
-213355121
In base 6, what is -1205300030 - -3?
-1205300023
In base 12, what is 4a - 6ab16?
-6aa88
In base 4, what is -2000310223 + -32?
-2000310321
In base 13, what is a7 - -15b01?
15ba8
In base 9, what is -62 + 320302?
320230
In base 8, what is -106314071 - -14?
-106314055
In base 16, what is -22c8c + -463?
-230ef
In base 5, what is 10310421341 + -143?
10310421143
In base 7, what is 251 - 1101360?
-1101106
In base 10, what is -1631 + -11301?
-12932
In base 8, what is 16622 + -66637?
-50015
In base 5, what is 3 + -134211300204?
-134211300201
In base 13, what is 7081 + 169c?
8750
In base 6, what is -20012435 + -42?
-20012521
In base 8, what is 24 - 143057751?
-143057725
In base 8, what is -15 + 15223441?
15223424
In base 5, what is 23032320 - 1100?
23031220
In base 3, what is 2002010100210 + -1?
2002010100202
In base 15, what is 4 + -9eed?
-9ee9
In base 2, what is -101 - -11011100001000101000101?
11011100001000101000000
In base 8, what is -3 - 46602143?
-46602146
In base 14, what is -25 + -135dc0d?
-135dc34
In base 7, what is 56 - -433556?
433645
In base 16, what is 22 + -aae14?
-aadf2
In base 9, what is 477785 - -101?
477886
In base 14, what is c639 - 31ab?
946c
In base 13, what is -336668c4 + 5?
-336668bc
In base 2, what is -1010101110 + -100110100001000100?
-100110101011110010
In base 12, what is 17205 - 55?
17170
In base 4, what is 110002202101 - 1123?
110002200312
In base 15, what is 51c5 + -5d0?
4ae5
In base 5, what is 1330 - -30042434?
30044314
In base 10, what is -100959 + 417?
-100542
In base 16, what is -10f77 + -10cf?
-12046
In base 6, what is -50535 + 2534434?
2443455
In base 8, what is -122611 + 255?
-122334
In base 2, what is 1001010011001101001011111 + -10?
1001010011001101001011101
In base 12, what is 23609 + -2873?
20956
In base 9, what is -383 - 45842?
-46335
In base 12, what is 26 - -638964?
63898a
In base 8, what is -2507 - 315577?
-320306
In base 12, what is 1b - -a98565?
a98584
In base 8, what is 2012453 - 21?
2012432
In base 9, what is -200144768 - 0?
-200144768
In base 12, what is -756a0b - 10a?
-756b19
In base 12, what is -4 + -2833083a?
-28330842
In base 13, what is -1b6 - 4541?
-4727
In base 16, what is 12ed14 + -4?
12ed10
In base 12, what is -4 + -88403?
-88407
In base 10, what is -1506 + -102561?
-104067
In base 4, what is -310222 - 1133131?
-2110013
In base 9, what is 181225 - 256?
180858
In base 15, what is 5 - 5d7ebc7?
-5d7ebc2
In base 7, what is 1450 - -211513?
213263
In base 6, what is 552205 + -211?
551554
In base 3, what is -101100200 + -100000220?
-201101120
In base 12, what is a4 - 6268aa?
-626806
In base 16, what is -15eb0 + -54?
-15f04
In base 6, what is -11 - 4440302?
-4440313
In base 8, what is 15133455 + 1?
15133456
In base 13, what is -221496a7 + 3?
-221496a4
In base 16, what is -7ea + -2b796?
-2bf80
In base 6, what is 2552 - 3124321?
-3121325
In base 3, what is -11210011022102 - 12?
-11210011022121
In base 4, what is -11 - 1132003111?
-1132003122
In base 13, what is 934468bc - -4?
934468c3
In base 8, what is -156202 - -121?
-156061
In base 7, what is -3 + 102634342?
102634336
In base 14, what is -2c131 + c3?
-2c04c
In base 3, what is 0 - -1211022222021?
1211022222021
In base 13, what is 2b2 - 384a?
-3568
In base 4, what is -11231023032311 + 0?
-11231023032311
In base 7, what is 4401245 + 1?
4401246
In base 9, what is 111263 + -162?
111101
In base 12, what is 169513b7a + 0?
169513b7a
In base 8, what is -2404 - -3400?
774
In base 15, what is e + 13a75dc?
13a75eb
In base 8, what is -707116 + 237?
-706657
In base 3, what is -110000 - 1012202120221?
-1012210000221
In base 4, what is -130020 + -13122110?
-13312130
In base 11, what is 6a0086 + 7?
6a0092
In base 15, what is 1e + 351e1?
35210
In base 3, what is -1021 - -112021022110?
112021021012
In base 12, what is -99 + -4793a?
-47a17
In base 15, what is 17 + -2bede34?
-2bede1c
In base 10, what is -4 + -30270050?
-30270054
In base 5, what is 344 + -230004121?
-230003222
In base 12, what is 12906 + 329?
13033
In base 14, what is 1 + 6147b40?
6147b41
In base 10, what is -719962 + 879?
-719083
In base 8, what is -27315 - 4237?
-33554
In base 9, what is -13 + 8380067?
8380054
In base 5, what is -403444440 + -1023?
-404001013
In base 10, what is -3740290 - -348?
-3739942
In base 2, what is -111 - -11011101111101001001001?
11011101111101001000010
In base 15, what is 3 + 28b7bc?
28b7c0
In base 10, what is -1236564 + -79?
-1236643
In base 12, what is 1 - 19a3547?
-19a3546
In base 9, what is 71045 + 608?
71654
In base 15, what is c + -c2540c?
-c25400
In base 14, what is -bb407 + 158?
-bb28d
In base 14, what is -180ccc - -157?
-180b75
In base 13, what is -1b897c7 + -9?
-1b89803
In base 10, what is 893129 + 3?
893132
In base 4, what is 12303 + -1220010?
-1201101
In base 15, what is -ab4e2da + -2?
-ab4e2dc
In base 8, what is 5460 + 64133?
71613
In base 9, what is 460773 - -80?
460863
In base 4, what is 10 - 10130223022?
-10130223012
In base 7, what is -22653 + -1111?
-24064
In base 4, what is 1110230013303 - 31?
1110230013212
In base 8, what is 446441500 - 3?
446441475
In base 2, what is 1 + 11010000010101100000?
11010000010101100001
In base 5, what is -12 + -320144103?
-320144120
In base 2, what is 101100010 + -1001100101100?
-10001